{"id":167,"date":"2023-10-26T13:11:08","date_gmt":"2023-10-26T13:11:08","guid":{"rendered":"https:\/\/bizketo.com\/?post_type=product&#038;p=167"},"modified":"2025-02-09T18:20:42","modified_gmt":"2025-02-09T21:20:42","slug":"cacao-amargo-en-polvo","status":"publish","type":"product","link":"http:\/\/bizketo.com\/index.php\/product\/cacao-amargo-en-polvo\/","title":{"rendered":"Cacao amargo en polvo Premium x 200g"},"content":{"rendered":"<p><em>Cacao amargo, por qu\u00e9 consumirlo<\/em><\/p>\n<p>El cacao es un alimento rico en nutrientes y propiedades que benefician la salud f\u00edsica y mental. Su consumo ha hecho parte de la dieta de millones de personas en todo el mundo, ya que, adem\u00e1s de ser delicioso, sirve para revitalizar el cuerpo.<\/p>\n<p>Su exquisito aroma y sabor han sido la base para preparar uno de los postres m\u00e1s apetecidos por todas las personas: el chocolate.<\/p>\n<p>Si bien este alimento se elabora de m\u00faltiples formas, la composici\u00f3n de la mayor\u00eda suele ser de m\u00e1s del 50% de cacao.<\/p>\n<p>No obstante, para beneficiarnos con sus propiedades, es importante adquirir las presentaciones que se fabrican con m\u00e1s del 60% de este prodigioso ingrediente.<\/p>\n<p>Y es que nos encontramos ante un producto natural que es fuente de poderosos antioxidantes, vitaminas y minerales esenciales.<\/p>\n<p>Su ingesta, suministra la energ\u00eda necesaria al cuerpo y act\u00faa como un estimulante de este, reduciendo el estr\u00e9s y mejorando el estado de \u00e1nimo.<\/p>\n<p>&nbsp;<\/p>\n<p><em><span style=\"color: #000000;\">Be<\/span><\/em><em><span style=\"color: #000000;\">neficios del cacao amargo puro\u00a0<\/span><\/em><\/p>\n<p>1. El cacao amargo es rico en antioxidantes, est\u00e1 lleno de antioxidantes llamados flavonoides, entre los que se incluyen las catequinas, procianidinas y epicatequinas.<\/p>\n<p>En las pruebas realizadas, este alimento en su estado natural ocup\u00f3 uno de los primeros lugares como antioxidante, superando al jengibre, los ar\u00e1ndanos y las frambuesas.<\/p>\n<p>&nbsp;<\/p>\n<p>2. Disminuye el riesgo de accidente cerebrovascular, por sus poderosos antioxidantes y minerales esenciales, el consumo de 45 gramos de cacao durante una semana disminuye el riesgo de padecer accidentes cerebrovasculares hasta en un 20%.<\/p>\n<p>&nbsp;<\/p>\n<p>3. Tiene un alto valor Nutricional. El cacao est\u00e1 incluido en el cat\u00e1logo de \u201csuperalimentos\u201d, ya que cuenta con una riqueza nutricional muy importante.<\/p>\n<p>Cada 100 gramos de chocolate con 60% de cacao aporta:<\/p>\n<p>11 gramos de fibra.<\/p>\n<p>8 gramos de prote\u00edna.<\/p>\n<p>98% de la ingesta diaria recomendada de manganeso.<\/p>\n<p>89% de la ingesta diaria recomendada de cobre.<\/p>\n<p>67% de la de la ingesta diaria recomendada de hierro.<\/p>\n<p>58% de la ingesta diaria recomendada de magnesio.<\/p>\n<p>31% de la ingesta diaria recomendada de f\u00f3sforo.<\/p>\n<p>22% de la ingesta diaria recomendada de zinc.<\/p>\n<p>21% de la ingesta diaria recomendada de potasio.<\/p>\n<p>&nbsp;<\/p>\n<p>4. Fortalece el coraz\u00f3n,<\/p>\n<p>Una peque\u00f1a cantidad de chocolate rico en cacao disminuye:<\/p>\n<p>El colesterol malo.<\/p>\n<p>La presi\u00f3n arterial.<\/p>\n<p>El riesgo de peligrosas enfermedades del coraz\u00f3n.<\/p>\n<p>&nbsp;<\/p>\n<p>5. Mantiene la sensaci\u00f3n de saciedad<\/p>\n<p>El cacao que no ha sido mezclado con az\u00facares contiene una gran cantidad de fibra, que ayuda a controlar la ansiedad por comer.<\/p>\n<p>La ingesta de unas cuantas onzas al d\u00eda mantiene la sensaci\u00f3n de saciedad y evita el consumo de otros alimentos que hacen aumentar de peso.<\/p>\n<p>&nbsp;<\/p>\n<p>6. Aumenta la libido y el desempe\u00f1o sexual.<\/p>\n<p>Entre los alimentos con propiedades afrodis\u00edacas es com\u00fan encontrar al chocolate negro. Esta variedad contiene un amino\u00e1cido esencial conocido como L-arginina, conocida como un poderoso potenciador sexual, tanto en las mujeres como en los hombres.<\/p>\n<p>Sus propiedades mejoran el flujo sangu\u00edneo en los \u00f3rganos sexuales, lo que incrementa el apetito y placer sexual.<\/p>\n<p>Tambi\u00e9n contiene una sustancia qu\u00edmica conocida como feniletilamina, que produce una sensaci\u00f3n similar a la de estar enamorado.<\/p>\n<p>&nbsp;<\/p>\n<p>7. Mejora la circulaci\u00f3n de la sangre<\/p>\n<p>Los flavonoles hallados en el chocolate tienen el poder de mejorar la salud arterial y la circulaci\u00f3n sangu\u00ednea.<\/p>\n<p>Estos antioxidantes estimulan la producci\u00f3n de \u00f3xido n\u00edtrico, un compuesto que relaja los vasos sangu\u00edneos para estabilizar la presi\u00f3n arterial.<\/p>\n<p>&nbsp;<\/p>\n<p>8. Protege la memoria, previniendo las enfermedades neurodegenerativas<\/p>\n<p>El incre\u00edble poder antioxidante del cacao amargo protege la salud cerebral frente a los efectos nocivos del da\u00f1o oxidativo y el envejecimiento.<\/p>\n<p>Sus propiedades han demostrado ser efectivas en la disminuci\u00f3n del riesgo del alzh\u00e9imer y otros tipos de demencia.<\/p>\n<p>&nbsp;<\/p>\n<p>9. Mejora la salud de la piel<\/p>\n<p>Los flavonoides que contiene este ingrediente son \u00fatiles en la disminuci\u00f3n del impacto de los radicales libres y los efectos negativos causados por los rayos UV del sol.<\/p>\n<p>Ingiri\u00e9ndolo en peque\u00f1as cantidades y aplic\u00e1ndolo de forma directa sobre la piel podemos atenuar las arrugas y otras imperfecciones.<\/p>\n<p>&nbsp;<\/p>\n<p>10. Calma la tos seca<\/p>\n<p>Los pacientes que sufren de ataques de tos pueden notar una mejora cuando consumen peque\u00f1as porciones de chocolate negro. Esto se debe a un compuesto llamado teobromina. Esta act\u00faa sobre el nervio vago, la parte del cerebro que genera este s\u00edntoma.<\/p>\n<p>&nbsp;<\/p>\n<p>11. Levanta el estado de \u00e1nimo<\/p>\n<p>Una barrita de chocolate aumenta la actividad de las endorfinas y la serotonina, al tiempo que reduce la cantidad de cortisol.<\/p>\n<p>Por estas reacciones, las personas con depresi\u00f3n, ansiedad y estr\u00e9s pueden sentir bienestar cuando lo ingieren.<\/p>\n<p>&nbsp;<\/p>\n<p>\u00bfConoc\u00edas todas estas virtudes del cacao? Ahora que ya sabes lo bueno que es para tu cuerpo an\u00edmate a consumirlo sin remordimientos.<\/p>\n","protected":false},"excerpt":{"rendered":"<p>Cacao amargo, por qu\u00e9 consumirlo El cacao es un alimento rico en nutrientes y propiedades que benefician la salud f\u00edsica y mental. Su consumo ha hecho parte de la dieta de millones de personas en todo el mundo, ya que, adem\u00e1s de ser delicioso, sirve para revitalizar el cuerpo. Su exquisito aroma y sabor han [&hellip;]<\/p>\n","protected":false},"featured_media":166,"comment_status":"open","ping_status":"closed","template":"","meta":[],"product_cat":[36],"product_tag":[40],"class_list":{"0":"post-167","1":"product","2":"type-product","3":"status-publish","4":"has-post-thumbnail","6":"product_cat-harinas-keto","7":"product_tag-cacao","9":"first","10":"instock","11":"shipping-taxable","12":"purchasable","13":"product-type-simple"},"yoast_head":"<!-- This site is optimized with the Yoast SEO plugin v22.9 - https:\/\/yoast.com\/wordpress\/plugins\/seo\/ -->\n<title>Cacao amargo en polvo Premium x 200g - BizKeto<\/title>\n<meta name=\"description\" content=\"El cacao amargo es un poderoso antioxidante que retrasa el envejecimiento y adem\u00e1s aporta grasas saludables que ayudan a la salud del cerebro y el coraz\u00f3n.\" \/>\n<meta name=\"robots\" content=\"index, follow, max-snippet:-1, max-image-preview:large, max-video-preview:-1\" \/>\n<link rel=\"canonical\" href=\"http:\/\/bizketo.com\/index.php\/product\/cacao-amargo-en-polvo\/\" \/>\n<meta property=\"og:locale\" content=\"es_ES\" \/>\n<meta property=\"og:type\" content=\"article\" \/>\n<meta property=\"og:title\" content=\"Cacao amargo en polvo Premium x 200g - BizKeto\" \/>\n<meta property=\"og:description\" content=\"El cacao amargo es un poderoso antioxidante que retrasa el envejecimiento y adem\u00e1s aporta grasas saludables que ayudan a la salud del cerebro y el coraz\u00f3n.\" \/>\n<meta property=\"og:url\" content=\"http:\/\/bizketo.com\/index.php\/product\/cacao-amargo-en-polvo\/\" \/>\n<meta property=\"og:site_name\" content=\"BizKeto\" \/>\n<meta property=\"article:publisher\" content=\"https:\/\/www.facebook.com\/avenaymielCdM\" \/>\n<meta property=\"article:modified_time\" content=\"2025-02-09T21:20:42+00:00\" \/>\n<meta property=\"og:image\" content=\"http:\/\/bizketo.com\/wp-content\/uploads\/2023\/10\/productos-polvo-cacao2.jpg\" \/>\n\t<meta property=\"og:image:width\" content=\"800\" \/>\n\t<meta property=\"og:image:height\" content=\"520\" \/>\n\t<meta property=\"og:image:type\" content=\"image\/jpeg\" \/>\n<meta name=\"twitter:card\" content=\"summary_large_image\" \/>\n<meta name=\"twitter:label1\" content=\"Tiempo de lectura\" \/>\n\t<meta name=\"twitter:data1\" content=\"4 minutos\" \/>\n<script type=\"application\/ld+json\" class=\"yoast-schema-graph\">{\"@context\":\"https:\/\/schema.org\",\"@graph\":[{\"@type\":\"WebPage\",\"@id\":\"http:\/\/bizketo.com\/index.php\/product\/cacao-amargo-en-polvo\/\",\"url\":\"http:\/\/bizketo.com\/index.php\/product\/cacao-amargo-en-polvo\/\",\"name\":\"Cacao amargo en polvo Premium x 200g - BizKeto\",\"isPartOf\":{\"@id\":\"http:\/\/bizketo.com\/#website\"},\"primaryImageOfPage\":{\"@id\":\"http:\/\/bizketo.com\/index.php\/product\/cacao-amargo-en-polvo\/#primaryimage\"},\"image\":{\"@id\":\"http:\/\/bizketo.com\/index.php\/product\/cacao-amargo-en-polvo\/#primaryimage\"},\"thumbnailUrl\":\"http:\/\/bizketo.com\/wp-content\/uploads\/2023\/10\/productos-polvo-cacao2.jpg\",\"datePublished\":\"2023-10-26T13:11:08+00:00\",\"dateModified\":\"2025-02-09T21:20:42+00:00\",\"description\":\"El cacao amargo es un poderoso antioxidante que retrasa el envejecimiento y adem\u00e1s aporta grasas saludables que ayudan a la salud del cerebro y el coraz\u00f3n.\",\"breadcrumb\":{\"@id\":\"http:\/\/bizketo.com\/index.php\/product\/cacao-amargo-en-polvo\/#breadcrumb\"},\"inLanguage\":\"es-AR\",\"potentialAction\":[{\"@type\":\"ReadAction\",\"target\":[\"http:\/\/bizketo.com\/index.php\/product\/cacao-amargo-en-polvo\/\"]}]},{\"@type\":\"ImageObject\",\"inLanguage\":\"es-AR\",\"@id\":\"http:\/\/bizketo.com\/index.php\/product\/cacao-amargo-en-polvo\/#primaryimage\",\"url\":\"http:\/\/bizketo.com\/wp-content\/uploads\/2023\/10\/productos-polvo-cacao2.jpg\",\"contentUrl\":\"http:\/\/bizketo.com\/wp-content\/uploads\/2023\/10\/productos-polvo-cacao2.jpg\",\"width\":800,\"height\":520},{\"@type\":\"BreadcrumbList\",\"@id\":\"http:\/\/bizketo.com\/index.php\/product\/cacao-amargo-en-polvo\/#breadcrumb\",\"itemListElement\":[{\"@type\":\"ListItem\",\"position\":1,\"name\":\"Inicio\",\"item\":\"http:\/\/bizketo.com\/\"},{\"@type\":\"ListItem\",\"position\":2,\"name\":\"Premezclas Keto\",\"item\":\"http:\/\/bizketo.com\/\"},{\"@type\":\"ListItem\",\"position\":3,\"name\":\"Cacao amargo en polvo Premium x 200g\"}]},{\"@type\":\"WebSite\",\"@id\":\"http:\/\/bizketo.com\/#website\",\"url\":\"http:\/\/bizketo.com\/\",\"name\":\"Bizketo\",\"description\":\"Nutriendo tu mejor version\",\"publisher\":{\"@id\":\"http:\/\/bizketo.com\/#organization\"},\"potentialAction\":[{\"@type\":\"SearchAction\",\"target\":{\"@type\":\"EntryPoint\",\"urlTemplate\":\"http:\/\/bizketo.com\/?s={search_term_string}\"},\"query-input\":\"required name=search_term_string\"}],\"inLanguage\":\"es-AR\"},{\"@type\":\"Organization\",\"@id\":\"http:\/\/bizketo.com\/#organization\",\"name\":\"Bizketo\",\"url\":\"http:\/\/bizketo.com\/\",\"logo\":{\"@type\":\"ImageObject\",\"inLanguage\":\"es-AR\",\"@id\":\"http:\/\/bizketo.com\/#\/schema\/logo\/image\/\",\"url\":\"http:\/\/bizketo.com\/wp-content\/uploads\/2023\/07\/cropped-WhatsApp-Image-2023-07-25-at-20.17.58-2.jpeg\",\"contentUrl\":\"http:\/\/bizketo.com\/wp-content\/uploads\/2023\/07\/cropped-WhatsApp-Image-2023-07-25-at-20.17.58-2.jpeg\",\"width\":100,\"height\":70,\"caption\":\"Bizketo\"},\"image\":{\"@id\":\"http:\/\/bizketo.com\/#\/schema\/logo\/image\/\"},\"sameAs\":[\"https:\/\/www.facebook.com\/avenaymielCdM\",\"https:\/\/www.instagram.com\/bizketo_ar\"]}]}<\/script>\n<!-- \/ Yoast SEO plugin. -->","yoast_head_json":{"title":"Cacao amargo en polvo Premium x 200g - BizKeto","description":"El cacao amargo es un poderoso antioxidante que retrasa el envejecimiento y adem\u00e1s aporta grasas saludables que ayudan a la salud del cerebro y el coraz\u00f3n.","robots":{"index":"index","follow":"follow","max-snippet":"max-snippet:-1","max-image-preview":"max-image-preview:large","max-video-preview":"max-video-preview:-1"},"canonical":"http:\/\/bizketo.com\/index.php\/product\/cacao-amargo-en-polvo\/","og_locale":"es_ES","og_type":"article","og_title":"Cacao amargo en polvo Premium x 200g - BizKeto","og_description":"El cacao amargo es un poderoso antioxidante que retrasa el envejecimiento y adem\u00e1s aporta grasas saludables que ayudan a la salud del cerebro y el coraz\u00f3n.","og_url":"http:\/\/bizketo.com\/index.php\/product\/cacao-amargo-en-polvo\/","og_site_name":"BizKeto","article_publisher":"https:\/\/www.facebook.com\/avenaymielCdM","article_modified_time":"2025-02-09T21:20:42+00:00","og_image":[{"width":800,"height":520,"url":"http:\/\/bizketo.com\/wp-content\/uploads\/2023\/10\/productos-polvo-cacao2.jpg","type":"image\/jpeg"}],"twitter_card":"summary_large_image","twitter_misc":{"Tiempo de lectura":"4 minutos"},"schema":{"@context":"https:\/\/schema.org","@graph":[{"@type":"WebPage","@id":"http:\/\/bizketo.com\/index.php\/product\/cacao-amargo-en-polvo\/","url":"http:\/\/bizketo.com\/index.php\/product\/cacao-amargo-en-polvo\/","name":"Cacao amargo en polvo Premium x 200g - BizKeto","isPartOf":{"@id":"http:\/\/bizketo.com\/#website"},"primaryImageOfPage":{"@id":"http:\/\/bizketo.com\/index.php\/product\/cacao-amargo-en-polvo\/#primaryimage"},"image":{"@id":"http:\/\/bizketo.com\/index.php\/product\/cacao-amargo-en-polvo\/#primaryimage"},"thumbnailUrl":"http:\/\/bizketo.com\/wp-content\/uploads\/2023\/10\/productos-polvo-cacao2.jpg","datePublished":"2023-10-26T13:11:08+00:00","dateModified":"2025-02-09T21:20:42+00:00","description":"El cacao amargo es un poderoso antioxidante que retrasa el envejecimiento y adem\u00e1s aporta grasas saludables que ayudan a la salud del cerebro y el coraz\u00f3n.","breadcrumb":{"@id":"http:\/\/bizketo.com\/index.php\/product\/cacao-amargo-en-polvo\/#breadcrumb"},"inLanguage":"es-AR","potentialAction":[{"@type":"ReadAction","target":["http:\/\/bizketo.com\/index.php\/product\/cacao-amargo-en-polvo\/"]}]},{"@type":"ImageObject","inLanguage":"es-AR","@id":"http:\/\/bizketo.com\/index.php\/product\/cacao-amargo-en-polvo\/#primaryimage","url":"http:\/\/bizketo.com\/wp-content\/uploads\/2023\/10\/productos-polvo-cacao2.jpg","contentUrl":"http:\/\/bizketo.com\/wp-content\/uploads\/2023\/10\/productos-polvo-cacao2.jpg","width":800,"height":520},{"@type":"BreadcrumbList","@id":"http:\/\/bizketo.com\/index.php\/product\/cacao-amargo-en-polvo\/#breadcrumb","itemListElement":[{"@type":"ListItem","position":1,"name":"Inicio","item":"http:\/\/bizketo.com\/"},{"@type":"ListItem","position":2,"name":"Premezclas Keto","item":"http:\/\/bizketo.com\/"},{"@type":"ListItem","position":3,"name":"Cacao amargo en polvo Premium x 200g"}]},{"@type":"WebSite","@id":"http:\/\/bizketo.com\/#website","url":"http:\/\/bizketo.com\/","name":"Bizketo","description":"Nutriendo tu mejor version","publisher":{"@id":"http:\/\/bizketo.com\/#organization"},"potentialAction":[{"@type":"SearchAction","target":{"@type":"EntryPoint","urlTemplate":"http:\/\/bizketo.com\/?s={search_term_string}"},"query-input":"required name=search_term_string"}],"inLanguage":"es-AR"},{"@type":"Organization","@id":"http:\/\/bizketo.com\/#organization","name":"Bizketo","url":"http:\/\/bizketo.com\/","logo":{"@type":"ImageObject","inLanguage":"es-AR","@id":"http:\/\/bizketo.com\/#\/schema\/logo\/image\/","url":"http:\/\/bizketo.com\/wp-content\/uploads\/2023\/07\/cropped-WhatsApp-Image-2023-07-25-at-20.17.58-2.jpeg","contentUrl":"http:\/\/bizketo.com\/wp-content\/uploads\/2023\/07\/cropped-WhatsApp-Image-2023-07-25-at-20.17.58-2.jpeg","width":100,"height":70,"caption":"Bizketo"},"image":{"@id":"http:\/\/bizketo.com\/#\/schema\/logo\/image\/"},"sameAs":["https:\/\/www.facebook.com\/avenaymielCdM","https:\/\/www.instagram.com\/bizketo_ar"]}]}},"_links":{"self":[{"href":"http:\/\/bizketo.com\/index.php\/wp-json\/wp\/v2\/product\/167","targetHints":{"allow":["GET"]}}],"collection":[{"href":"http:\/\/bizketo.com\/index.php\/wp-json\/wp\/v2\/product"}],"about":[{"href":"http:\/\/bizketo.com\/index.php\/wp-json\/wp\/v2\/types\/product"}],"replies":[{"embeddable":true,"href":"http:\/\/bizketo.com\/index.php\/wp-json\/wp\/v2\/comments?post=167"}],"wp:featuredmedia":[{"embeddable":true,"href":"http:\/\/bizketo.com\/index.php\/wp-json\/wp\/v2\/media\/166"}],"wp:attachment":[{"href":"http:\/\/bizketo.com\/index.php\/wp-json\/wp\/v2\/media?parent=167"}],"wp:term":[{"taxonomy":"product_cat","embeddable":true,"href":"http:\/\/bizketo.com\/index.php\/wp-json\/wp\/v2\/product_cat?post=167"},{"taxonomy":"product_tag","embeddable":true,"href":"http:\/\/bizketo.com\/index.php\/wp-json\/wp\/v2\/product_tag?post=167"}],"curies":[{"name":"wp","href":"https:\/\/api.w.org\/{rel}","templated":true}]}}